{"id":493,"date":"2024-01-31T15:45:56","date_gmt":"2024-01-31T14:45:56","guid":{"rendered":"https:\/\/www.stylevoll.ch\/?page_id=493"},"modified":"2024-02-02T11:39:19","modified_gmt":"2024-02-02T10:39:19","slug":"blog","status":"publish","type":"page","link":"https:\/\/www.stylevoll.ch\/de\/blog\/","title":{"rendered":"Blog"},"content":{"rendered":"<div id=\"cs-content\" class=\"cs-content\"><\/div>\n","protected":false},"excerpt":{"rendered":"<p>Blog3 Wege zu mehr Authentizit\u00e4t, hier und jetztBlog-Beitrag vom 26.01.2024Beitrag lesen<\/p>\n","protected":false},"author":1,"featured_media":0,"parent":0,"menu_order":0,"comment_status":"closed","ping_status":"closed","template":"template-blank-4.php","meta":{"iawp_total_views":150,"footnotes":""},"class_list":["post-493","page","type-page","status-publish","hentry","no-post-thumbnail"],"yoast_head":"<!-- This site is optimized with the Yoast SEO plugin v28.3 - https:\/\/yoast.com\/product\/yoast-seo-wordpress\/ -->\n<title>Personal Stylist Bern und Z\u00fcrich | STYLEvoll by C\u00e9cile Yurtbil<\/title>\n<meta name=\"description\" content=\"Personal Stylist Bern und Z\u00fcrich. Mode ist verg\u00e4nglich, Stil ist Charaktersache. Und genau darum geht es mir. Denn jedem Trend nachzurennen ist anstrengend.\" \/>\n<meta name=\"robots\" content=\"index, follow, max-snippet:-1, max-image-preview:large, max-video-preview:-1\" \/>\n<link rel=\"canonical\" href=\"https:\/\/www.stylevoll.ch\/de\/blog\/\" \/>\n<meta property=\"og:locale\" content=\"de_DE\" \/>\n<meta property=\"og:type\" content=\"article\" \/>\n<meta property=\"og:title\" content=\"Personal Stylist Bern und Z\u00fcrich | STYLEvoll by C\u00e9cile Yurtbil\" \/>\n<meta property=\"og:description\" content=\"Personal Stylist Bern und Z\u00fcrich. Mode ist verg\u00e4nglich, Stil ist Charaktersache. Und genau darum geht es mir. Denn jedem Trend nachzurennen ist anstrengend.\" \/>\n<meta property=\"og:url\" content=\"https:\/\/www.stylevoll.ch\/de\/blog\/\" \/>\n<meta property=\"og:site_name\" content=\"STYLEvoll\" \/>\n<meta property=\"article:modified_time\" content=\"2024-02-02T10:39:19+00:00\" \/>\n<meta name=\"twitter:card\" content=\"summary_large_image\" \/>\n<meta name=\"twitter:label1\" content=\"Gesch\u00e4tzte Lesezeit\" \/>\n\t<meta name=\"twitter:data1\" content=\"3\u00a0Minuten\" \/>\n<script type=\"application\/ld+json\" class=\"yoast-schema-graph\">{\"@context\":\"https:\\\/\\\/schema.org\",\"@graph\":[{\"@type\":\"WebPage\",\"@id\":\"https:\\\/\\\/www.stylevoll.ch\\\/de\\\/blog\\\/\",\"url\":\"https:\\\/\\\/www.stylevoll.ch\\\/de\\\/blog\\\/\",\"name\":\"Personal Stylist Bern und Z\u00fcrich | STYLEvoll by C\u00e9cile Yurtbil\",\"isPartOf\":{\"@id\":\"https:\\\/\\\/www.stylevoll.ch\\\/de\\\/#website\"},\"datePublished\":\"2024-01-31T14:45:56+00:00\",\"dateModified\":\"2024-02-02T10:39:19+00:00\",\"description\":\"Personal Stylist Bern und Z\u00fcrich. Mode ist verg\u00e4nglich, Stil ist Charaktersache. Und genau darum geht es mir. Denn jedem Trend nachzurennen ist anstrengend.\",\"breadcrumb\":{\"@id\":\"https:\\\/\\\/www.stylevoll.ch\\\/de\\\/blog\\\/#breadcrumb\"},\"inLanguage\":\"de\",\"potentialAction\":[{\"@type\":\"ReadAction\",\"target\":[\"https:\\\/\\\/www.stylevoll.ch\\\/de\\\/blog\\\/\"]}]},{\"@type\":\"BreadcrumbList\",\"@id\":\"https:\\\/\\\/www.stylevoll.ch\\\/de\\\/blog\\\/#breadcrumb\",\"itemListElement\":[{\"@type\":\"ListItem\",\"position\":1,\"name\":\"Startseite\",\"item\":\"https:\\\/\\\/www.stylevoll.ch\\\/de\\\/\"},{\"@type\":\"ListItem\",\"position\":2,\"name\":\"Blog\"}]},{\"@type\":\"WebSite\",\"@id\":\"https:\\\/\\\/www.stylevoll.ch\\\/de\\\/#website\",\"url\":\"https:\\\/\\\/www.stylevoll.ch\\\/de\\\/\",\"name\":\"STYLEvoll\",\"description\":\"\",\"potentialAction\":[{\"@type\":\"SearchAction\",\"target\":{\"@type\":\"EntryPoint\",\"urlTemplate\":\"https:\\\/\\\/www.stylevoll.ch\\\/de\\\/?s={search_term_string}\"},\"query-input\":{\"@type\":\"PropertyValueSpecification\",\"valueRequired\":true,\"valueName\":\"search_term_string\"}}],\"inLanguage\":\"de\"}]}<\/script>\n<!-- \/ Yoast SEO plugin. -->","yoast_head_json":{"title":"Personal Stylist Bern und Z\u00fcrich | STYLEvoll by C\u00e9cile Yurtbil","description":"Personal Stylist Bern und Z\u00fcrich. Mode ist verg\u00e4nglich, Stil ist Charaktersache. Und genau darum geht es mir. Denn jedem Trend nachzurennen ist anstrengend.","robots":{"index":"index","follow":"follow","max-snippet":"max-snippet:-1","max-image-preview":"max-image-preview:large","max-video-preview":"max-video-preview:-1"},"canonical":"https:\/\/www.stylevoll.ch\/de\/blog\/","og_locale":"de_DE","og_type":"article","og_title":"Personal Stylist Bern und Z\u00fcrich | STYLEvoll by C\u00e9cile Yurtbil","og_description":"Personal Stylist Bern und Z\u00fcrich. Mode ist verg\u00e4nglich, Stil ist Charaktersache. Und genau darum geht es mir. Denn jedem Trend nachzurennen ist anstrengend.","og_url":"https:\/\/www.stylevoll.ch\/de\/blog\/","og_site_name":"STYLEvoll","article_modified_time":"2024-02-02T10:39:19+00:00","twitter_card":"summary_large_image","twitter_misc":{"Gesch\u00e4tzte Lesezeit":"3\u00a0Minuten"},"schema":{"@context":"https:\/\/schema.org","@graph":[{"@type":"WebPage","@id":"https:\/\/www.stylevoll.ch\/de\/blog\/","url":"https:\/\/www.stylevoll.ch\/de\/blog\/","name":"Personal Stylist Bern und Z\u00fcrich | STYLEvoll by C\u00e9cile Yurtbil","isPartOf":{"@id":"https:\/\/www.stylevoll.ch\/de\/#website"},"datePublished":"2024-01-31T14:45:56+00:00","dateModified":"2024-02-02T10:39:19+00:00","description":"Personal Stylist Bern und Z\u00fcrich. Mode ist verg\u00e4nglich, Stil ist Charaktersache. Und genau darum geht es mir. Denn jedem Trend nachzurennen ist anstrengend.","breadcrumb":{"@id":"https:\/\/www.stylevoll.ch\/de\/blog\/#breadcrumb"},"inLanguage":"de","potentialAction":[{"@type":"ReadAction","target":["https:\/\/www.stylevoll.ch\/de\/blog\/"]}]},{"@type":"BreadcrumbList","@id":"https:\/\/www.stylevoll.ch\/de\/blog\/#breadcrumb","itemListElement":[{"@type":"ListItem","position":1,"name":"Startseite","item":"https:\/\/www.stylevoll.ch\/de\/"},{"@type":"ListItem","position":2,"name":"Blog"}]},{"@type":"WebSite","@id":"https:\/\/www.stylevoll.ch\/de\/#website","url":"https:\/\/www.stylevoll.ch\/de\/","name":"STYLEvoll","description":"","potentialAction":[{"@type":"SearchAction","target":{"@type":"EntryPoint","urlTemplate":"https:\/\/www.stylevoll.ch\/de\/?s={search_term_string}"},"query-input":{"@type":"PropertyValueSpecification","valueRequired":true,"valueName":"search_term_string"}}],"inLanguage":"de"}]}},"_links":{"self":[{"href":"https:\/\/www.stylevoll.ch\/de\/wp-json\/wp\/v2\/pages\/493","targetHints":{"allow":["GET"]}}],"collection":[{"href":"https:\/\/www.stylevoll.ch\/de\/wp-json\/wp\/v2\/pages"}],"about":[{"href":"https:\/\/www.stylevoll.ch\/de\/wp-json\/wp\/v2\/types\/page"}],"author":[{"embeddable":true,"href":"https:\/\/www.stylevoll.ch\/de\/wp-json\/wp\/v2\/users\/1"}],"replies":[{"embeddable":true,"href":"https:\/\/www.stylevoll.ch\/de\/wp-json\/wp\/v2\/comments?post=493"}],"version-history":[{"count":5,"href":"https:\/\/www.stylevoll.ch\/de\/wp-json\/wp\/v2\/pages\/493\/revisions"}],"predecessor-version":[{"id":504,"href":"https:\/\/www.stylevoll.ch\/de\/wp-json\/wp\/v2\/pages\/493\/revisions\/504"}],"wp:attachment":[{"href":"https:\/\/www.stylevoll.ch\/de\/wp-json\/wp\/v2\/media?parent=493"}],"curies":[{"name":"wp","href":"https:\/\/api.w.org\/{rel}","templated":true}]}}

<p>Blog3 Wege zu mehr Authentizität, hier und jetztBlog-Beitrag vom 26.01.2024Beitrag lesen</p>

<!-- This site is optimized with the Yoast SEO plugin v28.3 - https://yoast.com/product/yoast-seo-wordpress/ -->
<title>Personal Stylist Bern und Zürich | STYLEvoll by Cécile Yurtbil</title>
<meta name="description" content="Personal Stylist Bern und Zürich. Mode ist vergänglich, Stil ist Charaktersache. Und genau darum geht es mir. Denn jedem Trend nachzurennen ist anstrengend." />
<meta name="robots" content="index, follow, max-snippet:-1, max-image-preview:large, max-video-preview:-1" />
<link rel="canonical" href="https://www.stylevoll.ch/de/blog/" />
<meta property="og:locale" content="de_DE" />
<meta property="og:type" content="article" />
<meta property="og:title" content="Personal Stylist Bern und Zürich | STYLEvoll by Cécile Yurtbil" />
<meta property="og:description" content="Personal Stylist Bern und Zürich. Mode ist vergänglich, Stil ist Charaktersache. Und genau darum geht es mir. Denn jedem Trend nachzurennen ist anstrengend." />
<meta property="og:url" content="https://www.stylevoll.ch/de/blog/" />
<meta property="og:site_name" content="STYLEvoll" />
<meta property="article:modified_time" content="2024-02-02T10:39:19+00:00" />
<meta name="twitter:card" content="summary_large_image" />
<meta name="twitter:label1" content="Geschätzte Lesezeit" />
	<meta name="twitter:data1" content="3 Minuten" />
<script type="application/ld+json" class="yoast-schema-graph">{"@context":"https:\/\/schema.org","@graph":[{"@type":"WebPage","@id":"https:\/\/www.stylevoll.ch\/de\/blog\/","url":"https:\/\/www.stylevoll.ch\/de\/blog\/","name":"Personal Stylist Bern und Zürich | STYLEvoll by Cécile Yurtbil","isPartOf":{"@id":"https:\/\/www.stylevoll.ch\/de\/#website"},"datePublished":"2024-01-31T14:45:56+00:00","dateModified":"2024-02-02T10:39:19+00:00","description":"Personal Stylist Bern und Zürich. Mode ist vergänglich, Stil ist Charaktersache. Und genau darum geht es mir. Denn jedem Trend nachzurennen ist anstrengend.","breadcrumb":{"@id":"https:\/\/www.stylevoll.ch\/de\/blog\/#breadcrumb"},"inLanguage":"de","potentialAction":[{"@type":"ReadAction","target":["https:\/\/www.stylevoll.ch\/de\/blog\/"]}]},{"@type":"BreadcrumbList","@id":"https:\/\/www.stylevoll.ch\/de\/blog\/#breadcrumb","itemListElement":[{"@type":"ListItem","position":1,"name":"Startseite","item":"https:\/\/www.stylevoll.ch\/de\/"},{"@type":"ListItem","position":2,"name":"Blog"}]},{"@type":"WebSite","@id":"https:\/\/www.stylevoll.ch\/de\/#website","url":"https:\/\/www.stylevoll.ch\/de\/","name":"STYLEvoll","description":"","potentialAction":[{"@type":"SearchAction","target":{"@type":"EntryPoint","urlTemplate":"https:\/\/www.stylevoll.ch\/de\/?s={search_term_string}"},"query-input":{"@type":"PropertyValueSpecification","valueRequired":true,"valueName":"search_term_string"}}],"inLanguage":"de"}]}</script>
<!-- / Yoast SEO plugin. -->

Personal Stylist Bern und Zürich | STYLEvoll by Cécile Yurtbil

Personal Stylist Bern und Zürich. Mode ist vergänglich, Stil ist Charaktersache. Und genau darum geht es mir. Denn jedem Trend nachzurennen ist anstrengend.
